
22
Suppose 53*i - 4320 = 8*i. Calculate the greatest common divisor of 5340 and i.
12
Suppose z + 4*z + 110 = 0. Let s = z - -25. Suppose d + d + s*y = 199, -3*d + 297 = 3*y. What is the greatest common factor of d and 14?
14
Let s(m) = 11*m**2 - m + 3. Let r be s(-3). Let g = 40035 + -39993. What is the highest common divisor of r and g?
21
Suppose -114 = -15*r - 144. Let w(k) = 2*k**2 - 4*k - 2. Let g be w(r). Suppose -9 = -3*d + 33. Calculate the highest common factor of d and g.
14
Suppose 38 = -l + 4*o, 110 = -13*l + 8*l + 4*o. Let p be (-6)/4 - 225/l. Calculate the highest common divisor of 11 and p.
11
Suppose -2*u + 41 - 63 = -3*d, -4*u = -2*d + 28. What is the greatest common divisor of 398 and d?
2
Suppose 0 = 218*t - 157*t - 169458. Calculate the greatest common divisor of 30 and t.
6
Suppose -79*j + 164*j = 80*j + 680. Calculate the greatest common divisor of j and 108.
4
Let j(i) = 40*i - 159. Let h be j(4). Let c = 7 + -8. Let l be -3 + ((-4)/c)/1. What is the greatest common factor of h and l?
1
Let w = -19347 + 22809. Calculate the highest common factor of 12 and w.
6
Suppose 0*o - 12 = -3*o. Let a(t) = 5*t**3 + 2*t**2 - 3*t + 1. Let j be a(1). Let h be j/(-60)*-4*12. What is the greatest common divisor of h and o?
4
Let r(g) = -11*g + 19. Let m = 20 + -23. Let j be r(m). What is the highest common divisor of 4 and j?
4
Let x(l) = 171*l - 493. Let u be x(3). What is the greatest common divisor of u and 430?
10
Let g(q) = -481*q - 5760. Let c be g(-12). Suppose 0*t = -2*t - 986. Let k be t/(-3) - (c/(-18) + 0). What is the greatest common divisor of 15 and k?
15
Suppose 5*h - 960 - 972 = -4*w, 5*w - 783 = -2*h. Suppose 388*r - h*r = 104. Calculate the highest common factor of 78 and r.
26
Let q(y) = -y**3 - 51*y**2 - y - 13. Let x be q(-51). Let m be 5*-38*6/(-4). Let h = m - 171. Calculate the highest common factor of x and h.
38
Let q be 0/(-18) + (-1)/1. Let d(y) = -46*y - 6. Let o be d(q). Calculate the highest common divisor of 20 and o.
20
Suppose 3*v = -3*u + 30, 2*v - 4*u = 2 + 12. Let l be 4/((-3 - -6 - 1)/v). Calculate the highest common divisor of l and 9.
9
Let a(o) = 2*o**2 + 32*o + 20. Let x(b) = -2*b**2 + b + 39. Let y be x(-5). Let k be a(y). Calculate the greatest common factor of 85 and k.
5
Suppose 108*r - 4087 = 3473. What is the greatest common factor of r and 210?
70
Suppose 35 = -412*g + 417*g. Let j be (49/g - 2) + 27. What is the greatest common factor of 800 and j?
32
Suppose -5389 = -70*n + 911. Let z = 13 - 8. Let b be 3/2*120/z. What is the highest common divisor of n and b?
18
Let f(x) = 3*x**3 + 22*x**2 + 9*x + 2. Let h be f(-4). What is the highest common divisor of 2702 and h?
14
Let l(h) = -h. Let x(g) = 3*g - 1. Let v(d) = -5*l(d) - x(d). Suppose 10*f - 49 = 7 - 16. Let o be v(f). Calculate the highest common factor of o and 9.
9
Let p = 345 + -327. Suppose -p = -25*y + 22*y. Let k(f) = 6*f**3 + f - 1. Let t be k(1). Calculate the greatest common factor of t and y.
6
Let k(d) = -9*d**3 - 2*d + 1. Let b be k(1). Let n = b + 22. Let o be ((-167772)/(-12710))/((-44)/(-30)). Calculate the highest common divisor of o and n.
3
Let q = -2951 - -3076. Calculate the greatest common divisor of q and 425.
25
Suppose -1715*i = -1699*i - 1056. Calculate the highest common divisor of 2816 and i.
22
Let s = -14440 - -14531. What is the highest common factor of s and 2041?
13
Suppose 2*c = 5*o - 48, 3*o + 19 = -3*c - 11. Let j be (-1 + 0 - -1) + (c - -38). Let k = 10 + -2. Calculate the greatest common divisor of k and j.
8
Let i(p) = -p**3 + 81*p**2 - 106*p - 390. Let q be i(78). What is the greatest common divisor of 39 and q?
39
Let h be ((-16756)/(-354))/(5/((-1845)/(-6))). Calculate the greatest common divisor of h and 284.
71
Let a be (28 - 0)/(28 - (-40868)/(-1462)). Calculate the highest common factor of a and 1290.
86
Suppose 156 = 11*i - 603. Suppose -3*h - 2*z = -0*z - 38, -z = -4*h + i. What is the highest common divisor of 176 and h?
16
Let t(b) = -3*b**2 - 2*b - 1. Let h be t(3). Let u = h + 35. Let n(c) = 14*c**3 + 3*c**2 - 3*c + 1. Let s be n(u). What is the highest common factor of 5 and s?
5
Let b = 4862 - -905. What is the greatest common factor of 79 and b?
79
Let y be 13275/270 - (-1)/(-6). Suppose 24*g - 280 = 16*g. Calculate the highest common divisor of g and y.
7
Let k(q) = -q**2 + 2*q + 5. Let d be k(5). Let p = -201 - -341. Let b be (-1*3)/(d/p). Calculate the highest common divisor of b and 6.
6
Let g = 457 + -466. Let o be 140/15*10/((-120)/g). What is the highest common divisor of o and 371?
7
Let w be (51/6 + -10)*(-2)/1 + 6940. Calculate the highest common factor of 53 and w.
53
Suppose -d - 7*u = -11*u - 82, -u + 77 = d. Let a = -95 + 134. Calculate the highest common divisor of d and a.
39
Let q(f) = -f**3 + 21*f**2 - 21*f - 24. Let a be q(19). Let z be ((-67)/134)/(3/(-312)). Calculate the greatest common divisor of z and a.
13
Let g = -49 - -45. Suppose k = -f - 8, -6*k + 4*k - f - 14 = 0. Let u be (k/g)/(3/108). What is the highest common divisor of u and 6?
6
Let o(t) = -8*t**2 + 374*t + 569. Let i be o(48). What is the greatest common divisor of 58384 and i?
89
Let m = 3371 - 3320. What is the greatest common factor of m and 1428?
51
Let v(y) = -y**3 + 16*y**2 - 55*y + 655. Let w be v(10). What is the highest common divisor of 60 and w?
15
Let z(b) = 5*b**3 - 5*b**2 - 2*b + 12. Let p be z(3). Suppose u - 99 = 3*m, 344 = 2*u + 4*m + p. Calculate the highest common divisor of u and 38.
38
Let z be ((-874)/23)/((-14)/24255). What is the highest common divisor of 35 and z?
35
Suppose -45 - 36 = -2*d - 5*b, 3*b = -2*d + 79. Suppose -2*n + 6 = 0, 13*z = 10*z - 2*n + 804. What is the greatest common factor of d and z?
38
Let j be (4/2 - 3)*1. Let m(s) = -17*s + 1. Let y be m(j). Suppose 2*a - 4*p + 1 + 15 = 0, 5*a = -4*p + 30. Calculate the greatest common divisor of y and a.
2
Let y(k) = -54*k + 229. Let r be 1/2*8/1. Let g be y(r). What is the greatest common divisor of 767 and g?
13
Suppose 0*a - 42 = -2*v + 2*a, -28 = -2*v - 5*a. Suppose -5*p - 5*p = -280. Let q = 104 - p. Calculate the greatest common divisor of v and q.
19
Let i(t) be the second derivative of t**5/20 - 5*t**4/12 - t**3/6 + 5*t**2 - 5*t. Let k be i(5). Calculate the greatest common factor of 55 and k.
5
Suppose -4*g = 59*g - 14868. Suppose 13*n = 5*y + 17*n - 394, 0 = -3*y - 2*n + g. What is the greatest common factor of y and 24?
6
Suppose 8*p = 2*p - 36. Let x be p/(156/33 + -5). Let v be 4/5*10/4. What is the highest common factor of v and x?
2
Let s be (1*3/9)/((-5)/(-75)). Suppose -9*i - 86 = -s*r - 8*i, 5*r - 102 = -3*i. What is the highest common divisor of 342 and r?
18
Let w be (3 - -1055)*((-30)/4 - (-7 + -1)). What is the highest common divisor of w and 345?
23
Let o(a) = 73*a + 1099. Let u be o(-15). Let i(p) = -p**2 - 17*p + 12. Let h be i(-17). Calculate the highest common factor of u and h.
4
Let k = 22412 + -21996. Calculate the greatest common divisor of 3432 and k.
104
Let m = 8748 + -8568. Calculate the highest common divisor of m and 160.
20
Let p(b) = b**2 + 8*b + 10. Let h be p(-6). Let g = h + -20. Let t = 132 - g. Calculate the highest common divisor of t and 14.
14
Suppose -5*l + 22 = -5*z + 2, 3*l - 4 = -z. Let b = -1002 - -1196. What is the highest common divisor of b and l?
2
Suppose 3*b + 0 = 9. Let s(t) = -3 - 6*t**3 + t**2 - 5*t**2 + 8*t**b - t - 1. Let v be s(3). Calculate the greatest common factor of 88 and v.
11
Let p(k) = -6*k**3 + 45*k**2 + 66*k - 38. Let s be p(-2). What is the greatest common factor of 39034 and s?
58
Let n be (-2)/14 - (-548502)/2373. What is the greatest common factor of n and 16401?
231
Let d = 112 - 74. Let v be (1*-48)/(d/(-57)). Let u = v - 66. Calculate the greatest common divisor of 15 and u.
3
Let h = 336 - 332. Suppose h*m - 2 = -10, -1 = -r - 4*m. Let y = 30 - 12. What is the highest common divisor of r and y?
9
Let g = -15949 + 24027. What is the highest common divisor of 42 and g?
14
Suppose -2*h + 76 = s - 80, h = -2*s + 321. Suppose 85*q = 84*q + s. Calculate the greatest common factor of 18 and q.
18
Let k be -70*508/(-381)*(-3)/(-5)*1. Calculate the highest common factor of 4192 and k.
8
Let k = 35 - 7. Let t(h) = -8*h**2 - 8*h -